 97
What are the prime factors of 10168?
2, 31, 41
What are the prime factors of 531?
3, 59
What are the prime factors of 27468?
2, 3, 7, 109
List the prime factors of 1126.
2, 563
List the prime factors of 8844.
2, 3, 11, 67
List the prime factors of 2382.
2, 3, 397
List the prime factors of 1924.
2, 13, 37
What are the prime factors of 30348?
2, 3, 281
List the prime factors of 1724.
2, 431
List the prime factors of 22334.
2, 13, 859
List the prime factors of 441.
3, 7
List the prime factors of 25273.
127, 199
What are the prime factors of 40576?
2, 317
List the prime factors of 6170.
2, 5, 617
What are the prime factors of 334?
2, 167
What are the prime factors of 131300?
2, 5, 13, 101
List the prime factors of 22061.
13, 1697
List the prime factors of 241.
241
List the prime factors of 76616.
2, 61, 157
List the prime factors of 771.
3, 257
List the prime factors of 7474.
2, 37, 101
List the prime factors of 60607.
60607
List the prime factors of 34571.
181, 191
What are the prime factors of 1581?
3, 17, 31
List the prime factors of 142105.
5, 97, 293
List the prime factors of 1318.
2, 659
List the prime factors of 4183.
47, 89
What are the prime factors of 12718?
2, 6359
What are the prime factors of 16830?
2, 3, 5, 11, 17
List the prime factors of 13596.
2, 3, 11, 103
What are the prime factors of 8?
2
List the prime factors of 7887.
3, 11, 239
List the prime factors of 913.
11, 83
List the prime factors of 306.
2, 3, 17
List the prime factors of 1319.
1319
What are the prime factors of 49098?
2, 3, 7, 167
List the prime factors of 4883.
19, 257
List the prime factors of 679.
7, 97
List the prime factors of 936.
2, 3, 13
List the prime factors of 1163.
1163
What are the prime factors of 1900?
2, 5, 19
What are the prime factors of 1027?
13, 79
What are the prime factors of 1089?
3, 11
What are the prime factors of 775?
5, 31
List the prime factors of 1240.
2, 5, 31
List the prime factors of 10324.
2, 29, 89
List the prime factors of 1675.
5, 67
List the prime factors of 208905.
3, 5, 19, 733
List the prime factors of 60409.
193, 313
What are the prime factors of 31459?
163, 193
List the prime factors of 36293.
36293
List the prime factors of 20069.
7, 47, 61
What are the prime factors of 17330?
2, 5, 1733
What are the prime factors of 1100?
2, 5, 11
What are the prime factors of 4292?
2, 29, 37
What are the prime factors of 8300?
2, 5, 83
What are the prime factors of 851?
23, 37
List the prime factors of 22737.
3, 11, 13, 53
List the prime factors of 3891.
3, 1297
What are the prime factors of 1059?
3, 353
What are the prime factors of 8222?
2, 4111
List the prime factors of 21625.
5, 173
List the prime factors of 2460.
2, 3, 5, 41
List the prime factors of 19573.
23, 37
List the prime factors of 2065.
5, 7, 59
What are the prime factors of 7342?
2, 3671
What are the prime factors of 3427?
23, 149
What are the prime factors of 1323?
3, 7
List the prime factors of 142100.
2, 5, 7, 29
List the prime factors of 25842.
2, 3, 59, 73
What are the prime factors of 8834?
2, 7, 631
What are the prime factors of 49007?
7, 7001
What are the prime factors of 1173?
3, 17, 23
What are the prime factors of 3014?
2, 11, 137
List the prime factors of 51438.
2, 3, 8573
What are the prime factors of 52001?
149, 349
List the prime factors of 1258.
2, 17, 37
What are the prime factors of 2192?
2, 137
What are the prime factors of 9760?
2, 5, 61
List the prime factors of 14119.
7, 2017
List the prime factors of 248.
2, 31
List the prime factors of 917.
7, 131
List the prime factors of 7864.
2, 983
What are the prime factors of 3800?
2, 5, 19
What are the prime factors of 1059?
3, 353
What are the prime factors of 929?
929
What are the prime factors of 1254?
2, 3, 11, 19
List the prime factors of 1239.
3, 7, 59
What are the prime factors of 69480?
2, 3, 5, 193
List the prime factors of 10107.
3, 1123
List the prime factors of 5319.
3, 197
List the prime factors of 471.
3, 157
List the prime factors of 3945.
3, 5, 263
What are the prime factors of 6665?
5, 31, 43
What are the prime factors of 3164?
2, 7, 113
List the prime factors of 1359.
3, 151
List the prime factors of 2151.
3, 239
List the prime factors of 3223.
11, 293
What are the prime factors of 2057?
11, 17
List the prime factors of 32285.
5, 11, 587
List the prime factors of 6777.
3, 251
List the prime factors of 61136.
2, 3821
What are the prime factors of 2126?
2, 1063
List the prime factors of 8710.
2, 5, 13, 67
What are the prime factors of 1101?
3, 367
What are the prime factors of 36901?
36901
What are the prime factors of 53330?
2, 5, 5333
What are the prime factors of 31229?
11, 17, 167
What are the prime factors of 76426?
2, 7, 53, 103
What are the prime factors of 17730?
2, 3, 5, 197
List the prime factors of 6263.
6263
What are the prime factors of 4041?
3, 449
List the prime factors of 9542.
2, 13, 367
What are the prime factors of 8352?
2, 3, 29
List the prime factors of 26114.
2, 11, 1187
List the prime factors of 3961.
17, 233
What are the prime factors of 1770?
2, 3, 5, 59
What are the prime factors of 2146?
2, 29, 37
What are the prime factors of 76061?
23, 3307
What are the prime factors of 1265?
5, 11, 23
What are the prime factors of 26577?
3, 2953
What are the prime factors of 5636?
2, 1409
What are the prime factors of 170827?
170827
What are the prime factors of 11656?
2, 31, 47
List the prime factors of 141870.
2, 3, 5, 4729
What are the prime factors of 2118?
2, 3, 353
List the prime factors of 12590.
2, 5, 1259
List the prime factors of 16169.
19, 23, 37
What are the prime factors of 1005?
3, 5, 67
List the prime factors of 1158.
2, 3, 193
What are the prime factors of 1811?
1811
List the prime factors of 3303.
3, 367
What are the prime factors of 521?
521
What are the prime factors of 17322?
2, 3, 2887
What are the prime factors of 8793?
3, 977
What are the prime factors of 59400?
2, 3, 5, 11
What are the prime factors of 1028?
2, 257
What are the prime factors of 406?
2, 7, 29
What are the prime factors of 12995?
5, 23, 113
List the prime factors of 113361.
3, 29, 1303
List the prime factors of 49934.
2, 24967
What are the prime factors of 393?
3, 131
List the prime factors of 2578.
2, 1289
List the prime factors of 3992.
2, 499
What are the prime factors of 747?
3, 83
What are the prime factors of 2459?
2459
List the prime factors of 973.
7, 139
List the prime factors of 13730.
2, 5, 1373
List the prime factors of 5151.
3, 17, 101
List the prime factors of 1429.
1429
What are the prime factors of 608?
2, 19
List the prime factors of 1445.
5, 17
List the prime factors of 1416.
2, 3, 59
List the prime factors of 945.
3, 5, 7
What are the prime factors of 3199?
7, 457
What are the prime factors of 2224?
2, 139
List the prime factors of 9339.
3, 11, 283
List the prime factors of 2416.
2, 151
What are the prime factors of 1044?
2, 3, 29
What are the prime factors of 46202?
2, 13, 1777
List the prime factors of 31046.
2, 19, 43
List the prime factors of 452.
2, 113
What are the prime factors of 4208?
2, 263
List the prime factors of 2190.
2, 3, 5, 73
What are the prime factors of 3629?
19, 191
List the prime factors of 65695.
5, 7, 1877
What are the prime factors of 28274?
2, 67, 211
List the prime factors of 1445.
5, 17
What are the prime factors of 25415?
5, 13, 17, 23
List the prime factors of 68659.
68659
What are the prime factors of 25530?
2, 3, 5, 23, 37
List the prime factors of 22591.
19, 29, 41
List the prime factors of 3222.
2, 3, 179
What are the prime factors of 25208?
2, 23, 137
List the prime factors of 1106.
2, 7, 79
What are the prime factors of 1460?
2, 5, 73
List the prime factors of 16844.
2, 4211
What are the prime factors of 1751?
17, 103
What are the prime factors of 68778?
2, 3, 3821
What are the prime factors of 8897?
7, 31, 41
List the prime factors of 1117.
1117
What are the prime factors of 4741?
11, 431
What are the prime factors of 71238?
2, 3, 31, 383
What are the prime factors of 2017?
2017
List the prime factors of 6711.
3, 2237
What are the prime factors of 589?
19, 31
List the prime factors of 367.
367
List the prime factors of 159323.
107, 1489
What are the prime factors of 3597?
3, 11, 109
List the prime factors of 105477.
3, 35159
What